- -3)).
1
Calculate 4 + -2 - (4 + 0).
-2
Evaluate -9 + 9 - (3 + -6).
3
(5 - 6) + -5 - (1 + -2)
-5
Evaluate -98 + 106 - (4 - -1).
3
What is the value of 1 - -1 - (-1 + 1)?
2
Calculate -6 + (-1 - (-12 + 4)) - 7.
-6
0 + -2 + 8 + -3 - -1
4
Evaluate 4 + 0 - (7 - (-2 - -6)).
1
Evaluate -2 + 4 + -2 + 6 + -1.
5
What is the value of 16 - -1 - (4 + 5)?
8
Calculate -1 + 0 - 1 - -2.
0
(11 - (4 + -2)) + (-13 - -9)
5
Calculate (10 + 3 - 3) + -12.
-2
What is -10 + (1 - -4) - (-2 + 2)?
-5
Evaluate -7 - ((6 - 3) + -14) - -4.
8
What is the value of (-10 - (2 + -6)) + 1?
-5
What is the value of (-5 + -4 - -11) + -10?
-8
Evaluate -7 - ((3 - 1) + -4).
-5
14 - 11 - (6 + (4 - 2))
-5
Evaluate -6 + 4 + -1 + 8.
5
Evaluate -3 + 9 + -7 + 1 + 3.
3
15 + -16 - (2 - -1)
-4
What is (-5 - 0 - (-1 + 1)) + 1?
-4
1 + -3 + -1 + 2 - -2
1
Calculate -6 - (3 + -3 + -5 - -1).
-2
Calculate -7 + (-3 - (1 + -6)).
-5
Evaluate 3 - 0 - (3 - 0).
0
3 - (5 + -4) - (4 - 0)
-2
Evaluate 1 + 2 + (-75 - -77).
5
(12 - (-4 - -13)) + (0 - 3)
0
What is the value of -2 + 3 - 2 - (7 - 4)?
-4
What is -3 - ((-1 - 1) + 4 + 1)?
-6
What is 3 - (-5 + (7 - 7))?
8
Calculate 10 + (-7 - -2) - 7.
-2
Evaluate -18 - -18 - (-1 - 1).
2
5 - (-3 + -7 + 6)
9
(4 - 1 - -8) + (-4 - 0)
7
Calculate -2 + 4 + -3 + 1 + 2.
2
What is -4 + 16 - (5 + 2)?
5
What is the value of 1 + 2 + (-9 - -2)?
-4
Evaluate 6 + -20 - (0 + -10).
-4
Evaluate -3 - (-1 - -2) - -9.
5
Evaluate -6 + (2 - (-1 - -5 - 4)).
-4
Evaluate 0 + 1 + 1 + -2.
0
What is 4 + -1 - (2 - (1 - 1))?
1
What is the value of -1 - 0 - (11 + -15)?
3
What is 1 + -3 + 0 + 0 + 3?
1
(10 - 1) + (0 - 6) + 2
5
6 - (-3 - -5 - -3)
1
What is -3 + -1 + (1 - 0) + 5?
2
0 + -2 + (0 - -12 - 6)
4
What is the value of -2 + (8 - 5) + -8?
-7
Calculate 3 + -1 - 4 - 0.
-2
What is (-7 - (-12 + 0)) + (1 - 5)?
1
Calculate -1 + (-5 + 3 - (-6 - -2)).
1
Calculate 0 - 0 - -1 - (-17 - -10).
8
Calculate 0 + -3 - (28 - 34).
3
What is -5 - (-4 + -2 - 0)?
1
Evaluate 41 - 45 - (1 - 3).
-2
What is the value of 3 - (1 + 5 + -11 - -9)?
-1
What is -4 - (-19 + 10) - 9?
-4
(0 + -3 - 0) + 1 + 2
0
What is the value of -1 + 2 + 2 + -4?
-1
Calculate 39 - 34 - (6 - (3 + -1)).
1
Evaluate (-3 - (-14 + 4)) + (-4 - -3).
6
What is the value of (-2 - (0 - 1)) + (-5 - -8)?
2
What is 13 + -16 - (-3 + 0)?
0
What is the value of -2 - -2 - (1 + (8 - 5))?
-4
Calculate -7 - (-7 + 8 + -1).
-7
Calculate 1 + (-1 - -3) - (5 + -5).
3
-7 + 7 + 2 + 2
4
Evaluate -2 + 4 + 1 + 0 + -4.
-1
Evaluate 2 + -8 + (2 - -9) + -7.
-2
Calculate -2 + ((-1 - -2) + 1 - 0).
0
Calculate -2 + (3 - 3 - -4) + -5.
-3
What is the value of 1 - (17 - 11 - -2)?
-7
What is the value of (19 - 11 - 5) + -4?
-1
Calculate -3 - (5 + (0 - 2) + -4).
-2
6 + -7 + 2 + -4
-3
What is the value of 0 - 4 - (-5 + (-5 - -2))?
4
What is the value of (13 - (5 + 1) - 7) + 6?
6
What is 7 - (-7 - (-11 + 2))?
5
1 + -2 - (4 - 2)
-3
Evaluate 5 - -7 - 7 - 15.
-10
Evaluate 6 + -4 + (6 - 5) - 7.
-4
What is 3 + 7 + -9 + 4?
5
What is -1 + 0 + -1 + -66 + 66?
-2
Calculate -8 + (0 - -1) + 3 - 0.
-4
What is the value of (9 - -1) + -1 + -5 - -2?
6
-18 + 16 + -1 + 1 + 9
7
What is the value of (-1 - 3) + (-7 - (-4 + -3))?
-4
0 + -4 + -1 + -79 + 82
-2
Calculate 2 - ((1 - 3) + 0) - 0.
4
Calculate 1 + -4 - (13 - 21).
5
What is the value of 3 + -7 - -2 - (4 - 7)?
1
-1 + 2 - (108 - 96)
-11
10 + (15 - 38) + 3
-10
What is (-2 - (-5 - 1)) + (-8 - -7)?
3
Calculate (-110 - -98) + 12 + -1.
-1
(-5 + 3 - -8) + -1
5
What is the value of -2 + -3 + -20 + 16?
-9
Evaluate 10 - (-4 - (-9 + 0 + 0)).
5
What is 6 + -2 - (0 - -3)?
1
Evaluate -4 + 3 - 0 - 4.
-5
What is (15 - 6 - 7) + 2?
4
Evaluate -3 + 2 + (-1 - -4 - 0).
2
Calculate 1 + -3 + (6 - 0 - -1).
5
Calculate (-3 - -7) + (4 - 3) + -8.
-3
What is the value of 1 + -1 + (3 - 10)?
-7
Evaluate -3 - ((-1 - 0) + (0 - -3)).
-5
What is the value of 4 + 9 + -8 - 4?
1
What is 0 + 7 + -6 + 0?
1
Evaluate -5 - (-1 - -1) - (-8 + 5).
-2
1 + (-2 - -1) - (-12 + 16)
-4
Evaluate -4 + 2 - (3 + -4 + 1).
-2
Calculate (39 - 38) + 0 + -4.
-3
Evaluate -5 - -15 - (-14 - -26).
-2
What is -5 - (-9 - (-6 - -11))?
9
Calculate 7 + 3 + -4 + -7.
-1
1 + -2 + (-5 - -3)
-3
Evaluate 1 - 1 - (5 + 0 + -2).
-3
(0 - -1 - -1) + (69 - 65)
6
Calculate -2 + 8 - 2 - 1.
3
Calculate 3 - (-5 + 3 + 0).
5
5 + 0 + (-11 - -5) + 4
3
Evaluate -1 - (-5 - -8) - (-7 + 4).
-1
-5 + -2 + 10 + 4 + -8
-1
What is (4 - (-10 - -9)) + -9?
-4
(8 - 4) + 4 + -1 - -1
8
(0 + 10 - 5) + 5 + -15
-5
-5 + 4 + (-1 - -3) + 0
1
What is (5 - (0 - -1) - 0) + -1?
3
Evaluate 5 + (-14 - (-6 + 4)) + 10.
3
4 - (-2 - (1 + -4))
3
What is 5 + -3 + (6 - 7)?
1
4 + (-14 - -4) + 5
-1
What is -8 - -9 - (0 - -1)?
0
-32 + 16 + 18 + 3 + 0
5
What is -4 + 3 + -4 + 2 + -1?
-4
What is the value of (-42 - -39) + 9 + -1?
5
Calculate 0 - (4 - (10 - 1)).
5
Calculate -7 + 4 + (-2 - 1) + 1.
-5
7 + -7 + (1 - -1)
2
(-3 + 1 + 5 - -6) + -4
5
What is the value of (2 - 1 - 2) + 6?
5
What is -5 - -2 - 0 - (-102 + 101)?
-2
1 - (1 - -11) - -4
-7
-194 + 205 - (2 - 0)
9
Evaluate -14 + (15 - -5) + -12 + 2.
-4
What is 7 - (-5 - (1 - 10) - 2)?
5
What is the value of 7 + (1 - 5) + -5 - 7?
-9
What is -2 - (2 - 1) - (-1 - -1)?
-3
What is the value of 13 + 3 + -3 + -7?
6
Calculate -6 + -1 + (-21 - -26).
-2
Evaluate 112 + -104 - (0 - -9).
-1
-3 + (-4 + 6 - -1) - 4
-4
What is the value of 5 - -1 - (4 - 1)?
3
What is 112 - 121 - (-1 - 7)?
-1
What is 4 + -7 + 2 - 3?
-4
Calculate -2 - (-4 + 1 - -3) - 3.
-5
What is -2 - (5 + -12 + 5)?
0
Calculate 6 + -1 - 6 - (-5 - 0).
4
3 - (-5 + 3 + -3 + 3)
5
3 - (15 + -6 + -3)
-3
What is (4 - 4) + 7 + 1 - 4?
4
Calculate (-4 - 1) + (-1 - -6).
0
What is -3 + -2 + (2 - -2)?
-1
Evaluate 0 - -1 - (-4 - -5).
0
Calculate 5 + (-10 - -8) + (0 - -3).
6
Calculate 7 + -5 + 5 + -9 + 1.
-1
(6 - (-8 - -28 - 2)) + 5
-7
What is the value of -1 + -2 + (5 - 6) + 4?
0
Evaluate (208 - 219) + (-1 - -20).
8
What is the value of 6 + -3 + (-6 - (0 - 2))?
-1
Evaluate 8 + -1 - 3 - (5 + -1).
0
What is the value of -143 + 146 + (-2 - -4 - -4)?
9
Evaluate 4 - (-3 + 2 - -9).
-4
Calculate (3 + -4 - -2 - -4) + -4.
1
-21 + 28 + (4 - 3)
8
6 + (10 - (17 - 1))
0
What is the value of 2 + -1 + 1 - -1 - -2?
5
14 + -4 + -2 - 9
-1
-3 + 8 + (-2 - 0)
3
2 - (3 + (-2 - -1) + 4)
-4
Calculate -4 + 0 + -2 + 4 - 2.
-4
Evaluate -69 - -64 - (-1 + -1).
-3
What is the value of 9 + -17 + (-1 - -6) + 1?
-2
What is (-1 - 3) + 1 + 6 - 0?
3
2 + -4 + 0 + 0
-2
What is 0 + -2 + -1 + (2 - 0)?
-1
Evaluate -3 + (4 - (5 - 3)).
-1
Calculate -3 + (7 + -2 - (-4 + 10)).
-4
What is 2 - (5 - 1 - (3 + -4))?
-3
Evaluate (14 - 7) + -11 + 1 - 2.
-5
Calculate 4 + (0 - 3) + (2 - 1).
2
8 + -6 + 6 - 3
5
What is (5 - 0) + 93 + -95?
3
What is the value of 0 + -2 + 48 + -47?
-1
Calculate 4 - 4 - (4 - (4 + 3)).
3
(1 - (-5 - 0) - 1) + -5
0
-8 + 0 - (20 - 22)
-6
Evaluate -14 + 5 + 3 - -2.
-4
(6 - 1 - -1) + -5
1
What is the value of 3 + 0 + -9 + 3?
-3
(15 + -18 - (-2 + 2)) + -4
-7
What is the value of 53 + -49 + -1 + -5?
-2
0 + -1 - ((3 - 3) + -5)
4
What is the value of (-98 - -77) + 13 + -1?
-9
-3 + 3 - (4 - (-2 - -4))
-2
What is -2 - (4 + (-5 - -3))?
-4
What is 0 + (1 - (2 - 4)) - -1?
4
-4 + 3 + -2 - -1
-2
What is the value of -8 - (-12 - (-9 + 6))?
1
-1 - -6 - (1 - 0)
4
What is the value of -1 + -6 + (15 - 8)?
0
Evaluate (-3 - -9) + -11 + (2 - 5).
-8
Evaluate -4 + 0 + -5 - -4.
-5
(0 - 2) + -1 - (-8 + 3)
2
Calculate 14 - (15 - (1 - -6)).
6
What is 3 + (9 - 4 - 3)?
5
Evaluate 2 - -1 - (-14 - -22).
-5
Calculate 3 - 7 - (-2 + -1).
-1
Evaluate 1 + -3 + 1 - 4.
-5
(1 - 5) + 5 + -1 + 1
1
5 + -6 + 2 + -1 - -5
5
What is (10 - 0) + -6 + 0?
4
Calculate 2 + (3 + 1 - (12 + -9)).
3
Calculate -6 - 0 - (4 - 0 - 5).
-5
What is the value of -1 - 7 - -5 - -4?
1
What is -8 - -3 - (14 + -6 - 5)?
-8
Calculate -101 + 93 - (1 - 9).
0
(-2 - -8) + (9 - 4 - 5)
6
Evaluate (-1 - 0) + -4 + 0.
-5
11 + (-2 - (6 - (3 - 0)))
6
Calculate 7 - 6 - (-2 + 0 + 6).
-3
Evaluate 5 - (-3 + (4 - 1) + 4).
1
What is -2 + 11 - (12 + (-8 - 2))?
7
What is 1 + (2 - (0 - -2) - 0)?
1
What is the value of -17 + 15 - (1 - 2)?
-1
Evaluate 9 - (2 - -6) - 7.
-6
What is 0 - (-2 + -4 + -2) - 8?
0
Evaluate (9 - 8 - -6) + 0.
7
Evaluate -1 + (5 + -16 - -5) + 6.
-1
-5 - (3 - (3 - -6) - 7)
8
Evaluate 1 + (-4 - (2 + (-3 - -2))).
-4
Evaluate (18 - 18) + (0 - 5).
-5
-4 + 9 + -11 + 7 + -3
-2
Evaluate -2 - (-5 + 2 +